7843. Determine u(-12).
39
Let v(a) = 35677*a - 7706239. Calculate v(216).
-7
Let g(n) = -202*n - 29122. Give g(-138).
-1246
Let w(y) = -y**3 + 205*y**2 - 3516*y - 1781. What is w(186)?
1567
Let u(p) = -55*p**2 + 5660*p + 554. Calculate u(103).
39
Let f(r) = -r**3 + 54*r**2 - 577*r - 33. Give f(40).
-713
Let u(b) = b**3 + 84*b**2 + 484*b + 64815. Calculate u(-87).
0
Let i(z) = 3*z**2 - 91341*z - 456658. What is i(-5)?
122
Let o(w) = 131*w - 2835. Determine o(20).
-215
Let b(z) = -322059*z - 1932357. Give b(-6).
-3
Let p(a) = -6625*a + 20024. Determine p(3).
149
Let f(o) = -o**3 - 12*o**2 + 59*o + 745. Calculate f(-9).
-29
Let p(x) = -3*x**2 + 692*x - 23154. Give p(190).
26
Let u(y) = -7587*y - 106197. Determine u(-14).
21
Let t(d) = 2699*d - 217. What is t(0)?
-217
Let c(f) = 1941*f - 27266. What is c(14)?
-92
Let r(z) = -z**3 + 66*z**2 + 1307*z + 283. What is r(82)?
-127
Let l(m) = 4*m**2 - 1098*m - 18008. Give l(290).
-28
Let r(i) = 63*i - 2586. Calculate r(50).
564
Let k(y) = -3*y**2 + 65830*y - 263342. Calculate k(4).
-70
Let d(n) = -23*n**3 - 5*n**2 + 23*n - 33. Give d(6).
-5043
Let y(l) = -5*l**2 + 8796*l + 1566590. What is y(-163)?
-3
Let a(p) = 3*p**3 - 704*p**2 + 5848*p + 6354. Give a(226).
26
Let z(q) = 7*q**2 - 342*q + 1771. What is z(43)?
8
Let f(q) = 2*q**2 - 156*q - 6761. Calculate f(109).
-3
Let c(w) = 35*w**3 - 6*w**2 - 2227*w + 4445. Determine c(2).
247
Let h(k) = -116586*k + 816128. Give h(7).
26
Let i(k) = 66927*k + 3547124. What is i(-53)?
-7
Let s(p) = p**3 - 62*p**2 - 72*p - 160. Calculate s(63).
-727
Let m(d) = 15265*d + 2076027. What is m(-136)?
-13
Let n(p) = -p**3 + 32*p**2 - 280*p + 6349. Give n(30).
-251
Let v(k) = -130*k**2 - 6*k - 92. Give v(2).
-624
Let s(i) = -6*i**3 + 1670*i**2 - 582*i + 7227. Determine s(278).
-1
Let b(j) = 1962*j**3 - 744*j**2 + 737*j + 7. Determine b(1).
1962
Let h(f) = 60*f - 1528. What is h(-17)?
-2548
Let q(x) = 3*x**3 + 633*x**2 - 7*x - 10009. What is q(-211)?
-8532
Let h(k) = k**3 - 46*k**2 + 19*k - 1046. What is h(46)?
-172
Let t(p) = -14*p**2 - 282*p + 919. What is t(-23)?
-1
Let f(i) = 11423*i - 4626296. Calculate f(405).
19
Let k(n) = 60*n**3 - 958*n**2 - 27*n - 80. Calculate k(16).
0
Let u(j) = 188*j**3 - 868*j - 871. Calculate u(-1).
-191
Let k(g) = -22*g**2 - 299*g - 958. Calculate k(-6).
44
Let a(i) = -i**3 - 53*i**2 - 381*i + 121. What is a(-9)?
-14
Let a(d) = 3*d**3 - 93*d**2 - 576*d + 17851. What is a(31)?
-5
Let b(g) = 249*g + 28131. Give b(-113).
-6
Let a(i) = -i**3 + 35*i**2 + 14*i - 951. Determine a(31).
3327
Let j(r) = r**2 + 6268*r + 4531948. Calculate j(-834).
-8
Let f(w) = -226*w**2 - 3138*w + 167. Calculate f(-14).
-197
Let c(o) = -19*o**3 - 2624*o**2 - 288*o - 1658. What is c(-138)?
-2
Let h(d) = 83025*d - 12619800. Give h(152).
0
Let c(p) = -574*p**2 + 5183*p + 23. Determine c(9).
176
Let g(h) = h**2 - 3517*h - 160257. Determine g(-45).
33
Let i(b) = -211*b + 49590. Calculate i(248).
-2738
Let n(p) = -p**3 - 49*p**2 - 38*p - 202. What is n(-46)?
-4802
Let i(a) = a**2 + 252*a + 2272. Determine i(-7).
557
Let m(k) = k**2 - 21*k + 45. Calculate m(15).
-45
Let s(l) = -3*l**2 + 15612*l + 31211. Give s(-2).
-25
Let g(w) = -w**3 + 269*w + 155. Determine g(-16).
-53
Let h(r) = 792*r - 29126. Give h(36).
-614
Let n(f) = 314*f + 2738. Calculate n(-12).
-1030
Let m(b) = 419*b + 5380. Determine m(-11).
771
Let j(z) = -3*z**2 - 2*z + 182. Give j(13).
-351
Let g(k) = 1756*k + 10167. Determine g(-6).
-369
Let u(z) = -3*z**3 - 38*z**2 - 922*z - 885. Determine u(-1).
2
Let r(a) = -106*a**2 + 6*a + 85. Determine r(0).
85
Let p(l) = -9234*l + 55314. Give p(6).
-90
Let p(q) = 322*q + 1333. Determine p(-8).
-1243
Let a(m) = 3177*m + 47744. What is a(-15)?
89
Let s(g) = 2*g**2 - 369*g - 108737. Determine s(343).
-6
Let s(j) = -2*j**3 - 210*j**2 - 808*j - 185. Determine s(-101).
-185
Let n(v) = 5*v**3 - 14*v**2 + 61*v - 61. Give n(2).
45
Let r(j) = 13697*j - 397212. Give r(29).
1
Let r(v) = 36*v**2 - 310*v + 442. Determine r(12).
1906
Let t(w) = 7176*w**2 - 387501*w - 159. Give t(54).
3
Let v(n) = -2*n**3 - 330*n**2 - 4234*n - 1017. What is v(-151)?
-111
Let p(v) = 1009*v**2 - 37331*v - 76. Determine p(37).
-2
Let l(p) = -1149*p - 29917. Calculate l(-25).
-1192
Let u(f) = 14*f**3 + 247*f**2 - 22*f - 113. Determine u(-18).
-1337
Let r(c) = -2953*c + 173264. Calculate r(59).
-963
Let h(q) = -44505*q + 133539. What is h(3)?
24
Let f(x) = -1702*x - 17094. Determine f(-10).
-74
Let o(m) = -2*m**3 - 18*m**2 + 15234*m + 3180. What is o(83)?
26
Let u(v) = v**3 + 26*v**2 - 173*v + 1996. Give u(-33).
82
Let y(k) = 4*k**3 - 128*k**2 + 926*k - 51. Give y(21).
-9
Let y(j) = j**2 - 2090*j + 202789. Determine y(102).
13
Let o(q) = -q**3 + 132*q**2 - 1281*q - 6059. What is o(121)?
-9
Let w(q) = -q**3 + 63*q**2 + 136*q + 52. Determine w(65).
442
Let f(l) = 3*l**2 + 408*l - 56343. Calculate f(-221).
12
Let t(y) = -26*y**3 - 84*y**2 + 760*y + 49. Calculate t(4).
81
Let p(w) = -w**3 + 5*w**2 + 52*w + 6. Determine p(-5).
-4
Let p(r) = 2*r**2 + 13176*r + 65824. What is p(-5)?
-6
Let l(b) = 2*b**2 - 289*b + 2768. Calculate l(134).
-46
Let o(v) = 2*v**2 + 42*v - 7. What is o(-8)?
-215
Let a(t) = -t**3 + 65*t**2 + 76*t + 4128. Give a(67).
242
Let f(p) = -25*p - 774. Calculate f(4).
-874
Let t(o) = -1586*o + 177604. Determine t(112).
-28
Let a(s) = -3096*s + 28143. Calculate a(10).
-2817
Let p(j) = -j**3 + 174*j**2 + 441*j + 15902. Give p(177).
-28
Let u(g) = -2011*g**2 - 2539*g + 1. Give u(-1).
529
Let v(o) = -4553*o + 24086. Calculate v(6).
-3232
Let q(s) = 3*s**2 + 176*s - 208609. What is q(236)?
15
Let w(p) = 3*p**2 - 822*p - 4112. What is w(-5)?
73
Let f(g) = -g**3 - 24*g**2 - 61*g - 1610. Give f(-27).
2224
Let o(c) = -3245*c - 142378. Give o(-42).
-6088
Let n(g) = 2*g**2 - 503*g - 2558. Calculate n(-5).
7
Let s(k) = 1107*k - 3069. Give s(2).
-855
Let h(a) = -a**3 + 65*a**2 - 804*a + 386. Calculate h(16).
66
Let p(b) = -7783*b - 650. Calculate p(0).
-650
Let c(d) = -2*d**3 - 20*d**2 - 527*d - 3602. Calculate c(-7).
-207
Let w(j) = -j**3 - 157*j**2 - 702*j + 3581. Calculate w(-152).
-5235
Let g(m) = -5*m**3 - 12*m**2 - 78*m + 485. Calculate g(6).
-1495
Let s(y) = y**2 - 1027*y + 174054. Calculate s(214).
72
Let j(r) = -25974*r - 1532456. Determine j(-59).
10
Let l(d) = 107844*d + 755050. Determine l(-7).
142
Let p(s) = -s**3 + 17*s**2 + 1246*s - 9195. Give p(7).
17
Let g(w) = -207*w - 20551. What is g(-98)?
-265
Let g(s) = 98*s + 4776. Give g(-53).
-418
Let h(c) = 128*c + 8842. Calculate h(-76).
-886
Let f(c) = -c**3 - 147*c**2 - 172*c - 3793. Determine f(-146).
3
Let k(l) = -l**3 + 2*l**2 - 54*l + 135. Determine k(3).
-36
Let v(q) = 20*q - 1559. Calculate v(74).
-79
Let w(n) = n**3 + 76*n**2 - 233*n + 125. What is w(-79)?
-191
Let m(v) = v**2 + 1216*v + 365314. Give m(-674).
6
Let n(l) = -3*l**2 - 9949*l - 983579. Give n(-102).
7
Let b(x) = 9*x**3 + x**2 - 13*x - 92. Give b(3).
121
Let s(t) = t**3 - 26*t**2 - 68*t + 3072. Give s(23).
-79
Let q(j) = -3*j - 786. Calculate q(-19).
-729
Let w(x) = 9*x + 659. Calculate w(-25).
434
Let f(v) = 94*v + 12964. Determine f(-137).
86
Let f(d) = -2*d**2 - 4356*d - 69216. Give f(-16).
-32
Let c(z) = -24*z**2 + 406*z - 28. Calculate c(15).
662
Let y(u) = 2*u**3 + 70*u**2 - 3349*u - 83. What is y(-62)?
-21
Let u(q) = 4*q**2 - 2048*q + 6113. Calculate u(3).
5
Let o(i) = 111703*i - 558514. What is o(5)?
1
Let n(x) = 56*x**3 + 13*x**2 + 43*x + 184. Calculate n(-4).
-3364
Let f(j) = -j**2 - 10286*j + 704082. What is f(68)?
10
Let t(b) = -b**3 + 181*b**2 + 3333*b - 413469. What is t(187)?
-12
Let d(r) = -10472*r - 94261. Calculate d(-9).
-13
Let l(m) = m**3 + 9*m**2 - 1268*m - 6311. What is l(-5)?
129
Let x(l) = -l**3 - 102*l**2 + 777*l + 2008. Give x(-109).
482
Let y(n) = -n**3 - 11855*n - 59411. Calculate y(-5).
-11
Let t(a) = 55862*a - 223530. What is t(4)?
-82
Let l(q) = -1908*q**2 + 192*q + 187. Give l(-1).
-1913
Let t(z) = -3*z**3 + 123*z**2 - 289*z - 2009. Calculate t(38).
5
Let r(u) = -1969*u - 998154. Give r(-507).
129
Let o(u) = 3*u**2 + 4*u - 177. What is o(-8)?
-17
Let u(i) = 4*i**3 + 119*i**2 - 76*i - 1157. Determine u(-30).
223
Let s(z) = -z**2 + 125*z + 2802. Calculate s(-20).
-98
Let k(w) = -w**2 + 149*w + 63843. Give k(337).
487
Let y(d) = 5*d**2 + 1340*d +